{"id":161,"date":"2018-01-20T19:13:12","date_gmt":"2018-01-20T18:13:12","guid":{"rendered":"http:\/\/www.psy-metropole.delille.fr\/prod\/?page_id=161"},"modified":"2018-01-20T19:13:12","modified_gmt":"2018-01-20T18:13:12","slug":"honoraires","status":"publish","type":"page","link":"https:\/\/www.psy-metropole.delille.fr\/index.php\/honoraires\/","title":{"rendered":"Honoraires"},"content":{"rendered":"\t\t<div data-elementor-type=\"wp-page\" data-elementor-id=\"161\" class=\"elementor elementor-161 elementor-bc-flex-widget\">\n\t\t\t\t\t\t<div class=\"elementor-inner\">\n\t\t\t\t<div class=\"elementor-section-wrap\">\n\t\t\t\t\t\t\t\t\t<section class=\"elementor-section elementor-top-section elementor-element elementor-element-0567ca2 elementor-section-boxed elementor-section-height-default elementor-section-height-default\" data-id=\"0567ca2\" data-element_type=\"section\">\n\t\t\t\t\t\t<div class=\"elementor-container elementor-column-gap-default\">\n\t\t\t\t\t\t\t<div class=\"elementor-row\">\n\t\t\t\t\t<div class=\"elementor-column elementor-col-100 elementor-top-column elementor-element elementor-element-1571b11\" data-id=\"1571b11\" data-element_type=\"column\">\n\t\t\t<div class=\"elementor-column-wrap elementor-element-populated\">\n\t\t\t\t\t\t\t<div class=\"elementor-widget-wrap\">\n\t\t\t\t\t\t<div class=\"elementor-element elementor-element-82b047c elementor-widget elementor-widget-text-editor\" data-id=\"82b047c\" data-element_type=\"widget\" data-widget_type=\"text-editor.default\">\n\t\t\t\t<div class=\"elementor-widget-container\">\n\t\t\t\t\t\t\t\t<div class=\"elementor-text-editor elementor-clearfix\">\n\t\t\t\t<p style=\"text-align: justify;\"><span style=\"color: #000000;\">Consultation individuelle : 50 \u20ac (possibilit\u00e9 de tarif minor\u00e9 sous conditions de revenus)<\/span><\/p><p style=\"text-align: justify;\"><span style=\"color: #000000;\">Consultation de couple : 70 \u20ac<\/span><\/p><p style=\"text-align: justify;\"><span style=\"color: #000000;\">Une s\u00e9ance dure environ 45 minutes. Le r\u00e8glement s\u2019effectue par ch\u00e8que ou en esp\u00e8ces en fin d\u2019entretien.<\/span><\/p><p style=\"text-align: justify;\"><span style=\"color: #000000;\">Une majoration des honoraires pourra \u00eatre appliqu\u00e9e en fonction du kilom\u00e9trage (d\u00e9placement hors secteur).<\/span><\/p><p style=\"text-align: justify;\"><span style=\"color: #000000;\">Merci de bien vouloir pr\u00e9venir au minimum 48h \u00e0 l\u2019avance pour annuler ou reporter un rendez-vous.<\/span><\/p><p style=\"text-align: justify;\"><span style=\"color: #000000;\">Les consultations aupr\u00e8s d\u2019un psychologue ne sont pas prises en charge par la s\u00e9curit\u00e9 sociale. Certaines mutuelles peuvent proposer un remboursement selon une base forfaitaire, renseignez-vous aupr\u00e8s de la v\u00f4tre.<\/span><\/p>\t\t\t\t\t<\/div>\n\t\t\t\t\t\t<\/div>\n\t\t\t\t<\/div>\n\t\t\t\t\t\t<\/div>\n\t\t\t\t\t<\/div>\n\t\t<\/div>\n\t\t\t\t\t\t\t\t<\/div>\n\t\t\t\t\t<\/div>\n\t\t<\/section>\n\t\t\t\t\t\t\t\t\t<\/div>\n\t\t\t<\/div>\n\t\t\t\t\t<\/div>\n\t\t","protected":false},"excerpt":{"rendered":"<p>Consultation individuelle : 50 \u20ac (possibilit\u00e9 de tarif minor\u00e9 sous conditions de revenus) Consultation de couple : 70 \u20ac Une s\u00e9ance dure environ 45 minutes. Le r\u00e8glement s\u2019effectue par ch\u00e8que ou en esp\u00e8ces en fin d\u2019entretien. Une majoration des honoraires &hellip; <a href=\"https:\/\/www.psy-metropole.delille.fr\/index.php\/honoraires\/\">Continuer la lecture <span class=\"meta-nav\">&rarr;<\/span><\/a><\/p>\n","protected":false},"author":1,"featured_media":0,"parent":0,"menu_order":0,"comment_status":"closed","ping_status":"closed","template":"","meta":[],"_links":{"self":[{"href":"https:\/\/www.psy-metropole.delille.fr\/index.php\/wp-json\/wp\/v2\/pages\/161"}],"collection":[{"href":"https:\/\/www.psy-metropole.delille.fr\/index.php\/wp-json\/wp\/v2\/pages"}],"about":[{"href":"https:\/\/www.psy-metropole.delille.fr\/index.php\/wp-json\/wp\/v2\/types\/page"}],"author":[{"embeddable":true,"href":"https:\/\/www.psy-metropole.delille.fr\/index.php\/wp-json\/wp\/v2\/users\/1"}],"replies":[{"embeddable":true,"href":"https:\/\/www.psy-metropole.delille.fr\/index.php\/wp-json\/wp\/v2\/comments?post=161"}],"version-history":[{"count":2,"href":"https:\/\/www.psy-metropole.delille.fr\/index.php\/wp-json\/wp\/v2\/pages\/161\/revisions"}],"predecessor-version":[{"id":164,"href":"https:\/\/www.psy-metropole.delille.fr\/index.php\/wp-json\/wp\/v2\/pages\/161\/revisions\/164"}],"wp:attachment":[{"href":"https:\/\/www.psy-metropole.delille.fr\/index.php\/wp-json\/wp\/v2\/media?parent=161"}],"curies":[{"name":"wp","href":"https:\/\/api.w.org\/{rel}","templated":true}]}}