{"id":132,"date":"2018-01-20T18:41:15","date_gmt":"2018-01-20T17:41:15","guid":{"rendered":"http:\/\/www.psy-metropole.delille.fr\/prod\/?page_id=132"},"modified":"2021-01-17T17:27:10","modified_gmt":"2021-01-17T16:27:10","slug":"elodie-desmettre","status":"publish","type":"page","link":"https:\/\/www.psy-metropole.delille.fr\/index.php\/elodie-desmettre\/","title":{"rendered":"Elodie DESMETTRE"},"content":{"rendered":"\t\t<div data-elementor-type=\"wp-page\" data-elementor-id=\"132\" class=\"elementor elementor-132\">\n\t\t\t\t\t\t<div class=\"elementor-inner\">\n\t\t\t\t<div class=\"elementor-section-wrap\">\n\t\t\t\t\t\t\t\t\t<section class=\"elementor-section elementor-top-section elementor-element elementor-element-a8369b8 elementor-section-boxed elementor-section-height-default elementor-section-height-default\" data-id=\"a8369b8\" data-element_type=\"section\">\n\t\t\t\t\t\t<div class=\"elementor-container elementor-column-gap-default\">\n\t\t\t\t\t\t\t<div class=\"elementor-row\">\n\t\t\t\t\t<div class=\"elementor-column elementor-col-33 elementor-top-column elementor-element elementor-element-c1ca19d\" data-id=\"c1ca19d\" data-element_type=\"column\">\n\t\t\t<div class=\"elementor-column-wrap elementor-element-populated\">\n\t\t\t\t\t\t\t<div class=\"elementor-widget-wrap\">\n\t\t\t\t\t\t<div class=\"elementor-element elementor-element-d4202e2 elementor-widget elementor-widget-image\" data-id=\"d4202e2\" data-element_type=\"widget\" data-widget_type=\"image.default\">\n\t\t\t\t<div class=\"elementor-widget-container\">\n\t\t\t\t\t\t\t\t<div class=\"elementor-image\">\n\t\t\t\t\t\t\t\t\t\t\t\t<img decoding=\"async\" width=\"584\" height=\"778\" src=\"https:\/\/www.psy-metropole.delille.fr\/wp-content\/uploads\/2018\/03\/Photo-Elodie-769x1024.jpg\" class=\"attachment-large size-large\" alt=\"\" loading=\"lazy\" srcset=\"https:\/\/www.psy-metropole.delille.fr\/wp-content\/uploads\/2018\/03\/Photo-Elodie-769x1024.jpg 769w, https:\/\/www.psy-metropole.delille.fr\/wp-content\/uploads\/2018\/03\/Photo-Elodie-225x300.jpg 225w, https:\/\/www.psy-metropole.delille.fr\/wp-content\/uploads\/2018\/03\/Photo-Elodie-768x1023.jpg 768w, https:\/\/www.psy-metropole.delille.fr\/wp-content\/uploads\/2018\/03\/Photo-Elodie.jpg 961w\" sizes=\"(max-width: 584px) 100vw, 584px\" \/>\t\t\t\t\t\t\t\t\t\t\t\t\t\t<\/div>\n\t\t\t\t\t\t<\/div>\n\t\t\t\t<\/div>\n\t\t\t\t\t\t<\/div>\n\t\t\t\t\t<\/div>\n\t\t<\/div>\n\t\t\t\t<div class=\"elementor-column elementor-col-66 elementor-top-column elementor-element elementor-element-8f6dc5f\" data-id=\"8f6dc5f\" data-element_type=\"column\">\n\t\t\t<div class=\"elementor-column-wrap elementor-element-populated\">\n\t\t\t\t\t\t\t<div class=\"elementor-widget-wrap\">\n\t\t\t\t\t\t<div class=\"elementor-element elementor-element-1d583ad elementor-widget elementor-widget-text-editor\" data-id=\"1d583ad\" data-element_type=\"widget\" data-widget_type=\"text-editor.default\">\n\t\t\t\t<div class=\"elementor-widget-container\">\n\t\t\t\t\t\t\t\t<div class=\"elementor-text-editor elementor-clearfix\">\n\t\t\t\t<p style=\"text-align: justify;\"><span style=\"color: #000000;\">Je suis psychologue clinicienne. Dipl\u00f4m\u00e9e de l\u2019Universit\u00e9 de Lille III en 2012, je me suis sp\u00e9cialis\u00e9e dans les Th\u00e9rapies Emotionnelles, Cognitives et Comportementales (TECC) au cours de ma formation.<\/span><\/p><p style=\"text-align: justify;\"><span style=\"color: #000000;\">Je me suis \u00e9galement form\u00e9e \u00e0 la prise en charge de la douleur chronique au sein d\u2019un Centre antidouleur et ai obtenu un Dipl\u00f4me Inter-Universitaire (D.I.U.) dans ce domaine \u00e0 Lille II.<\/span><\/p><p style=\"text-align: justify;\"><span style=\"color: #000000;\">Je travaille depuis 2013 en psychiatrie adulte, \u00e0 la Clinique de la Maison Fleurie \u2013 Parc Monceau, \u00e0 Lille. J\u2019y effectue des entretiens individuels ainsi que des groupes th\u00e9rapeutiques. <\/span><\/p><p style=\"text-align: justify;\"><span style=\"color: #000000;\">En parall\u00e8le, j\u2019accompagne des adultes, adolescents et enfants, \u00e0 domicile ainsi qu&rsquo;\u00e0 mon bureau, \u00e0 travers une psychoth\u00e9rapie de soutien ou un travail th\u00e9rapeutique plus approfondi.<\/span><\/p><p style=\"text-align: justify;\"><span style=\"color: #000000;\">Au-del\u00e0 de ma formation en psychologie, j\u2019ai accompagn\u00e9 pendant 6 ans des enfants, adolescents et adultes ayant un trouble autistique lors de week-ends et de s\u00e9jours, en tant qu\u2019animatrice-encadrante. Gr\u00e2ce aux \u00e9changes avec l\u2019entourage ainsi que mon exp\u00e9rience sur le terrain je suis devenue famili\u00e8re aux bons moments, ainsi qu\u2019aux difficult\u00e9s que peuvent rencontrer leurs familles au quotidien.<\/span><\/p><p><span style=\"color: #000000;\">Vous pouvez prendre rendez-vous au cabinet \u00e0 Marcq-En-Baroeul les mercredis, jeudis, vendredis et samedis, sur <a href=\"https:\/\/www.doctolib.fr\/psychologue\/marcq-en-baroeul\/elodie-desmettre\">https:\/\/www.doctolib.fr\/psychologue\/marcq-en-baroeul\/elodie-desmettre<\/a><br \/><\/span><\/p>\t\t\t\t\t<\/div>\n\t\t\t\t\t\t<\/div>\n\t\t\t\t<\/div>\n\t\t\t\t\t\t<\/div>\n\t\t\t\t\t<\/div>\n\t\t<\/div>\n\t\t\t\t\t\t\t\t<\/div>\n\t\t\t\t\t<\/div>\n\t\t<\/section>\n\t\t\t\t<section class=\"elementor-section elementor-top-section elementor-element elementor-element-eadd19e elementor-section-boxed elementor-section-height-default elementor-section-height-default\" data-id=\"eadd19e\" data-element_type=\"section\">\n\t\t\t\t\t\t<div class=\"elementor-container elementor-column-gap-default\">\n\t\t\t\t\t\t\t<div class=\"elementor-row\">\n\t\t\t\t\t<div class=\"elementor-column elementor-col-100 elementor-top-column elementor-element elementor-element-31a9857\" data-id=\"31a9857\" data-element_type=\"column\">\n\t\t\t<div class=\"elementor-column-wrap elementor-element-populated\">\n\t\t\t\t\t\t\t<div class=\"elementor-widget-wrap\">\n\t\t\t\t\t\t<div class=\"elementor-element elementor-element-4ffc816 elementor-widget elementor-widget-html\" data-id=\"4ffc816\" data-element_type=\"widget\" data-widget_type=\"html.default\">\n\t\t\t\t<div class=\"elementor-widget-container\">\n\t\t\t<a href=\"https:\/\/www.doctolib.fr\/psychologue\/marcq-en-baroeul\/elodie-desmettre?utm_medium=referral&amp;utm_campaign=website-button&amp;utm_content=option-5&amp;utm_term=elodie-desmettre&amp;utm_source=elodie-desmettre-website-button\" style=\"display:block;text-align:center;background-color:#0596DE;color:#ffffff;font-size:14px;overflow:hidden;width:257px;height:40px;border-bottom-right-radius:none;border-bottom-left-radius:none;position:fixed;bottom:0;right:5px;z-index:1000;border-top-left-radius:4px;border-top-right-radius:4px;line-height:40px\" target=\"_blank\" data-reactroot=\"\"><span style=\"font-size:13px\">Prendre rendez-vous en ligne<\/span><img decoding=\"async\" style=\"height:15px;margin-bottom:3px;vertical-align:middle;width:auto\" src=\"https:\/\/pro.doctolib.fr\/external_button\/doctolib-white-transparent.png\" alt=\"Doctolib\"\/><\/a>\t\t<\/div>\n\t\t\t\t<\/div>\n\t\t\t\t\t\t<\/div>\n\t\t\t\t\t<\/div>\n\t\t<\/div>\n\t\t\t\t\t\t\t\t<\/div>\n\t\t\t\t\t<\/div>\n\t\t<\/section>\n\t\t\t\t<section class=\"elementor-section elementor-top-section elementor-element elementor-element-a69cdf0 elementor-section-boxed elementor-section-height-default elementor-section-height-default\" data-id=\"a69cdf0\" data-element_type=\"section\">\n\t\t\t\t\t\t<div class=\"elementor-container elementor-column-gap-default\">\n\t\t\t\t\t\t\t<div class=\"elementor-row\">\n\t\t\t\t\t<div class=\"elementor-column elementor-col-100 elementor-top-column elementor-element elementor-element-73a089b\" data-id=\"73a089b\" data-element_type=\"column\">\n\t\t\t<div class=\"elementor-column-wrap elementor-element-populated\">\n\t\t\t\t\t\t\t<div class=\"elementor-widget-wrap\">\n\t\t\t\t\t\t<div class=\"elementor-element elementor-element-95c4c97 elementor-widget elementor-widget-text-editor\" data-id=\"95c4c97\" data-element_type=\"widget\" data-widget_type=\"text-editor.default\">\n\t\t\t\t<div class=\"elementor-widget-container\">\n\t\t\t\t\t\t\t\t<div class=\"elementor-text-editor elementor-clearfix\">\n\t\t\t\t<p style=\"text-align: center;\">T\u00e9l : 06 38 83 72 58<br \/> Mail\u00a0: elodie.desmettre@hotmail.fr<br \/> n\u00b0 ADELI : 59 93 2186 6<br \/> n\u00b0 SIRET : 818 957 839 00017<\/p>\t\t\t\t\t<\/div>\n\t\t\t\t\t\t<\/div>\n\t\t\t\t<\/div>\n\t\t\t\t\t\t<\/div>\n\t\t\t\t\t<\/div>\n\t\t<\/div>\n\t\t\t\t\t\t\t\t<\/div>\n\t\t\t\t\t<\/div>\n\t\t<\/section>\n\t\t\t\t\t\t\t\t\t<\/div>\n\t\t\t<\/div>\n\t\t\t\t\t<\/div>\n\t\t","protected":false},"excerpt":{"rendered":"<p>Je suis psychologue clinicienne. Dipl\u00f4m\u00e9e de l\u2019Universit\u00e9 de Lille III en 2012, je me suis sp\u00e9cialis\u00e9e dans les Th\u00e9rapies Emotionnelles, Cognitives et Comportementales (TECC) au cours de ma formation. Je me suis \u00e9galement form\u00e9e \u00e0 la prise en charge de &hellip; <a href=\"https:\/\/www.psy-metropole.delille.fr\/index.php\/elodie-desmettre\/\">Continuer la lecture <span class=\"meta-nav\">&rarr;<\/span><\/a><\/p>\n","protected":false},"author":1,"featured_media":0,"parent":0,"menu_order":0,"comment_status":"closed","ping_status":"closed","template":"","meta":[],"_links":{"self":[{"href":"https:\/\/www.psy-metropole.delille.fr\/index.php\/wp-json\/wp\/v2\/pages\/132"}],"collection":[{"href":"https:\/\/www.psy-metropole.delille.fr\/index.php\/wp-json\/wp\/v2\/pages"}],"about":[{"href":"https:\/\/www.psy-metropole.delille.fr\/index.php\/wp-json\/wp\/v2\/types\/page"}],"author":[{"embeddable":true,"href":"https:\/\/www.psy-metropole.delille.fr\/index.php\/wp-json\/wp\/v2\/users\/1"}],"replies":[{"embeddable":true,"href":"https:\/\/www.psy-metropole.delille.fr\/index.php\/wp-json\/wp\/v2\/comments?post=132"}],"version-history":[{"count":10,"href":"https:\/\/www.psy-metropole.delille.fr\/index.php\/wp-json\/wp\/v2\/pages\/132\/revisions"}],"predecessor-version":[{"id":214,"href":"https:\/\/www.psy-metropole.delille.fr\/index.php\/wp-json\/wp\/v2\/pages\/132\/revisions\/214"}],"wp:attachment":[{"href":"https:\/\/www.psy-metropole.delille.fr\/index.php\/wp-json\/wp\/v2\/media?parent=132"}],"curies":[{"name":"wp","href":"https:\/\/api.w.org\/{rel}","templated":true}]}}